{"id":41,"date":"2020-04-16T15:03:32","date_gmt":"2020-04-16T13:03:32","guid":{"rendered":"http:\/\/localhost:8080\/?page_id=41"},"modified":"2020-12-15T11:25:12","modified_gmt":"2020-12-15T10:25:12","slug":"hebammen-und-dorn-therapie","status":"publish","type":"page","link":"https:\/\/dorn-methode-therapie.de\/?page_id=41","title":{"rendered":"Hebammen und Dorn-Therapie"},"content":{"rendered":"\t\t<div data-elementor-type=\"wp-page\" data-elementor-id=\"41\" class=\"elementor elementor-41\">\n\t\t\t\t\t\t<div class=\"elementor-inner\">\n\t\t\t\t<div class=\"elementor-section-wrap\">\n\t\t\t\t\t\t\t\t\t<section class=\"elementor-section elementor-top-section elementor-element elementor-element-6b92e89a elementor-section-boxed elementor-section-height-default elementor-section-height-default\" data-id=\"6b92e89a\" data-element_type=\"section\">\n\t\t\t\t\t\t<div class=\"elementor-container elementor-column-gap-default\">\n\t\t\t\t\t\t\t<div class=\"elementor-row\">\n\t\t\t\t\t<div class=\"elementor-column elementor-col-100 elementor-top-column elementor-element elementor-element-66524c18\" data-id=\"66524c18\" data-element_type=\"column\">\n\t\t\t<div class=\"elementor-column-wrap elementor-element-populated\">\n\t\t\t\t\t\t\t<div class=\"elementor-widget-wrap\">\n\t\t\t\t\t\t<div class=\"elementor-element elementor-element-3b84b553 elementor-widget elementor-widget-text-editor\" data-id=\"3b84b553\" data-element_type=\"widget\" data-widget_type=\"text-editor.default\">\n\t\t\t\t<div class=\"elementor-widget-container\">\n\t\t\t\t\t\t\t\t<div class=\"elementor-text-editor elementor-clearfix\">\n\t\t\t\t<h1>Hebammen und Dorn-Methode\/-Therapie<\/h1>\n<p><img decoding=\"async\" loading=\"lazy\" class=\"size-medium wp-image-150 alignleft\" src=\"http:\/\/dornme.wpstage.covomedia.com\/wp-content\/uploads\/2020\/04\/pexels-photo-57529-300x200.jpeg\" alt=\"\" width=\"300\" height=\"200\" srcset=\"https:\/\/dorn-methode-therapie.de\/wp-content\/uploads\/2020\/04\/pexels-photo-57529-300x200.jpeg 300w, https:\/\/dorn-methode-therapie.de\/wp-content\/uploads\/2020\/04\/pexels-photo-57529-1024x683.jpeg 1024w, https:\/\/dorn-methode-therapie.de\/wp-content\/uploads\/2020\/04\/pexels-photo-57529-768x512.jpeg 768w, https:\/\/dorn-methode-therapie.de\/wp-content\/uploads\/2020\/04\/pexels-photo-57529-1536x1024.jpeg 1536w, https:\/\/dorn-methode-therapie.de\/wp-content\/uploads\/2020\/04\/pexels-photo-57529-2048x1365.jpeg 2048w\" sizes=\"(max-width: 300px) 100vw, 300px\" \/><\/p>\n<p>Hebammen f\u00f6rdern die physiologische Schwangerschaft, Geburt und Wochenbett und erkennen aufgrund ihrer Fachkompetenz und Ausbildung Anhaltspunkte f\u00fcr krankhafte Ver\u00e4nderungen im Ablauf, die sie zur Abkl\u00e4rung weiterleiten. Sie sind kompetente Ansprechpartnerinnen f\u00fcr Frauen zu den Themen Schwangerschaft, Geburt und R\u00fcckbildung. Einerseits geben sie medizinische Hilfen und andererseits Beratungen zu Mutter-Kind-Beziehung und dem Stillen.<br>\nDurch die hormonelle und statische Ver\u00e4nderung in der Schwangerschaft und R\u00fcckbildung \/Wochenbett und die Belastung des Beckens bei der Geburt k\u00f6nnen bei den M\u00fcttern Beschwerden auftreten. Beschwerden und Schmerzen k\u00f6nnen im Bereich des SIG (Kreuzbein-Darmbein-Gelenk), Leistenbeschwerden, Symphysenreizung (Schambeinfuge), untere R\u00fcckenschmerzen, Stei\u00dfbeinprobleme, \u201eIschias\u201c-Beschwerden, funktionelle Beinl\u00e4ngendifferenz, \u201eAbbrechen\u201c-Gef\u00fchl und \u201eWatschelgang\u201c nach der Geburt auftreten.<br>\nIn der Schwangerschaft und im Wochenbett ist die Anwendung der Dorn-Methode mit ihrer sanften und respektvollen Art gut geeignet. Die Schwangere, W\u00f6chnerin und junge Mutter bewegt sich durchgehend aktiv\/assistiv mit und bestimmt die Weite und Geschwindigkeit bei der Behandlung selbst. Hebammen k\u00f6nnen die Eigen\u00fcbungen f\u00fcr die Beinl\u00e4ngen und SIG (Kreuzbein-Darmbein-Gelenk) prophylaktisch in den Geburtsvorbereitungs-, R\u00fcckbildungskursen und Wochenbett einbringen, um den Schwangeren oder jungen M\u00fcttern etwas an die Hand zu geben.<\/p>\t\t\t\t\t<\/div>\n\t\t\t\t\t\t<\/div>\n\t\t\t\t<\/div>\n\t\t\t\t\t\t<\/div>\n\t\t\t\t\t<\/div>\n\t\t<\/div>\n\t\t\t\t\t\t\t\t<\/div>\n\t\t\t\t\t<\/div>\n\t\t<\/section>\n\t\t\t\t\t\t\t\t\t<\/div>\n\t\t\t<\/div>\n\t\t\t\t\t<\/div>\n\t\t","protected":false},"excerpt":{"rendered":"<p>Hebammen und Dorn-Methode\/-Therapie Hebammen f\u00f6rdern die physiologische Schwangerschaft, Geburt und Wochenbett und erkennen aufgrund ihrer Fachkompetenz und Ausbildung Anhaltspunkte f\u00fcr krankhafte Ver\u00e4nderungen im Ablauf, die sie zur Abkl\u00e4rung weiterleiten. Sie sind kompetente Ansprechpartnerinnen f\u00fcr Frauen zu den Themen Schwangerschaft, Geburt und R\u00fcckbildung. Einerseits geben sie medizinische Hilfen und andererseits Beratungen zu Mutter-Kind-Beziehung und dem Stillen. [&hellip;]<\/p>\n","protected":false},"author":1,"featured_media":0,"parent":35,"menu_order":0,"comment_status":"closed","ping_status":"closed","template":"","meta":[],"_links":{"self":[{"href":"https:\/\/dorn-methode-therapie.de\/index.php?rest_route=\/wp\/v2\/pages\/41"}],"collection":[{"href":"https:\/\/dorn-methode-therapie.de\/index.php?rest_route=\/wp\/v2\/pages"}],"about":[{"href":"https:\/\/dorn-methode-therapie.de\/index.php?rest_route=\/wp\/v2\/types\/page"}],"author":[{"embeddable":true,"href":"https:\/\/dorn-methode-therapie.de\/index.php?rest_route=\/wp\/v2\/users\/1"}],"replies":[{"embeddable":true,"href":"https:\/\/dorn-methode-therapie.de\/index.php?rest_route=%2Fwp%2Fv2%2Fcomments&post=41"}],"version-history":[{"count":5,"href":"https:\/\/dorn-methode-therapie.de\/index.php?rest_route=\/wp\/v2\/pages\/41\/revisions"}],"predecessor-version":[{"id":315,"href":"https:\/\/dorn-methode-therapie.de\/index.php?rest_route=\/wp\/v2\/pages\/41\/revisions\/315"}],"up":[{"embeddable":true,"href":"https:\/\/dorn-methode-therapie.de\/index.php?rest_route=\/wp\/v2\/pages\/35"}],"wp:attachment":[{"href":"https:\/\/dorn-methode-therapie.de\/index.php?rest_route=%2Fwp%2Fv2%2Fmedia&parent=41"}],"curies":[{"name":"wp","href":"https:\/\/api.w.org\/{rel}","templated":true}]}}