{"id":37,"date":"2020-04-16T15:03:13","date_gmt":"2020-04-16T13:03:13","guid":{"rendered":"http:\/\/localhost:8080\/?page_id=37"},"modified":"2020-04-30T13:49:58","modified_gmt":"2020-04-30T11:49:58","slug":"physiotherapie-und-dorn-therapie","status":"publish","type":"page","link":"https:\/\/dorn-methode-therapie.de\/?page_id=37","title":{"rendered":"Physiotherapie und Dorn-Therapie"},"content":{"rendered":"<h1>Physiotherapie und Dorn-Methode\/-Therapie<\/h1>\n<p><img decoding=\"async\" loading=\"lazy\" class=\"size-medium wp-image-187 alignleft\" src=\"http:\/\/dornme.wpstage.covomedia.com\/wp-content\/uploads\/2020\/04\/SKUB18-82-300x152.jpg\" alt=\"\" width=\"300\" height=\"152\" srcset=\"https:\/\/dorn-methode-therapie.de\/wp-content\/uploads\/2020\/04\/SKUB18-82-300x152.jpg 300w, https:\/\/dorn-methode-therapie.de\/wp-content\/uploads\/2020\/04\/SKUB18-82-1024x519.jpg 1024w, https:\/\/dorn-methode-therapie.de\/wp-content\/uploads\/2020\/04\/SKUB18-82-768x389.jpg 768w, https:\/\/dorn-methode-therapie.de\/wp-content\/uploads\/2020\/04\/SKUB18-82-1536x778.jpg 1536w, https:\/\/dorn-methode-therapie.de\/wp-content\/uploads\/2020\/04\/SKUB18-82-2048x1037.jpg 2048w\" sizes=\"(max-width: 300px) 100vw, 300px\" \/><\/p>\n<p>Die Physiotherapie hat drei wichtige Arbeitsbereiche. Einerseits die Pr\u00e4vention von Erkrankungen, weiter die Therapie von akuten oder chronischen Beschwerden\/Erkrankungen und andererseits die Rehabilitation also Wiederherstellung von Funktionen bei k\u00f6rperlichen Beeintr\u00e4chtigungen.<br \/>\nMit dem Grundlagenwissen von Anatomie, Neurologie und Physiologie aus der Aus- und Weiterbildung kann der Physiotherapeut die Behandlungstechniken der Dorn-Therapie anwenden. Die Differenzierung von Muskeln, Knochen, Nerven, Bindegewebe in ihren Funktionen mit theoretischem Fachwissen und praktischem K\u00f6nnen ist die St\u00e4rke der Physiotherapie. Funktionseinschr\u00e4nkungen von Wirbeln und Gelenken k\u00f6nnen vor Ort oder auch ausstrahlend Beschwerden verursachen, die sehr unterschiedlich sein k\u00f6nnen wie z.B.: Schmerzen, Taubheit, Kribbeln, Ziehen, Dr\u00fccken, Stechen und Muskelschw\u00e4che. Der Physiotherapeut mobilisiert Dysfunktionen dieser Funktionseinschr\u00e4nkungen. Die Dorn-Methode arbeitet mit sanften mobilisierenden Techniken und ist eine manuelle Therapie.<br \/>\nDas Konzept der Dorn-Therapie beinhaltet die Therapie (sanfte Techniken zur Spannungsregulation) mit vielen m\u00f6glichen Zusammenh\u00e4ngen und die Vergabe von spezifischen Eigen\u00fcbungen an die Patienten. Das Konzept der Dorn-Therapie beinhaltet genau die drei physiotherapeutischen Arbeitsbereiche.<br \/>\nPhysiotherapeuten k\u00f6nnen die Techniken der Dorn-Therapie gut mit anderen Therapien mischen.<\/p>\n","protected":false},"excerpt":{"rendered":"<p>Physiotherapie und Dorn-Methode\/-Therapie Die Physiotherapie hat drei wichtige Arbeitsbereiche. Einerseits die Pr\u00e4vention von Erkrankungen, weiter die Therapie von akuten oder chronischen Beschwerden\/Erkrankungen und andererseits die Rehabilitation also Wiederherstellung von Funktionen bei k\u00f6rperlichen Beeintr\u00e4chtigungen. Mit dem Grundlagenwissen von Anatomie, Neurologie und Physiologie aus der Aus- und Weiterbildung kann der Physiotherapeut die Behandlungstechniken der Dorn-Therapie anwenden. Die [&hellip;]<\/p>\n","protected":false},"author":1,"featured_media":0,"parent":35,"menu_order":0,"comment_status":"closed","ping_status":"closed","template":"","meta":[],"_links":{"self":[{"href":"https:\/\/dorn-methode-therapie.de\/index.php?rest_route=\/wp\/v2\/pages\/37"}],"collection":[{"href":"https:\/\/dorn-methode-therapie.de\/index.php?rest_route=\/wp\/v2\/pages"}],"about":[{"href":"https:\/\/dorn-methode-therapie.de\/index.php?rest_route=\/wp\/v2\/types\/page"}],"author":[{"embeddable":true,"href":"https:\/\/dorn-methode-therapie.de\/index.php?rest_route=\/wp\/v2\/users\/1"}],"replies":[{"embeddable":true,"href":"https:\/\/dorn-methode-therapie.de\/index.php?rest_route=%2Fwp%2Fv2%2Fcomments&post=37"}],"version-history":[{"count":3,"href":"https:\/\/dorn-methode-therapie.de\/index.php?rest_route=\/wp\/v2\/pages\/37\/revisions"}],"predecessor-version":[{"id":191,"href":"https:\/\/dorn-methode-therapie.de\/index.php?rest_route=\/wp\/v2\/pages\/37\/revisions\/191"}],"up":[{"embeddable":true,"href":"https:\/\/dorn-methode-therapie.de\/index.php?rest_route=\/wp\/v2\/pages\/35"}],"wp:attachment":[{"href":"https:\/\/dorn-methode-therapie.de\/index.php?rest_route=%2Fwp%2Fv2%2Fmedia&parent=37"}],"curies":[{"name":"wp","href":"https:\/\/api.w.org\/{rel}","templated":true}]}}