{"id":35,"date":"2020-04-16T15:03:00","date_gmt":"2020-04-16T13:03:00","guid":{"rendered":"http:\/\/localhost:8080\/?page_id=35"},"modified":"2020-12-27T09:51:11","modified_gmt":"2020-12-27T08:51:11","slug":"dorn-therapie-und-medizin","status":"publish","type":"page","link":"https:\/\/dorn-methode-therapie.de\/?page_id=35","title":{"rendered":"Dorn-Therapie und Medizin"},"content":{"rendered":"\t\t<div data-elementor-type=\"wp-page\" data-elementor-id=\"35\" class=\"elementor elementor-35\">\n\t\t\t\t\t\t<div class=\"elementor-inner\">\n\t\t\t\t<div class=\"elementor-section-wrap\">\n\t\t\t\t\t\t\t\t\t<section class=\"elementor-section elementor-top-section elementor-element elementor-element-7c157b44 elementor-section-boxed elementor-section-height-default elementor-section-height-default\" data-id=\"7c157b44\" data-element_type=\"section\">\n\t\t\t\t\t\t<div class=\"elementor-container elementor-column-gap-default\">\n\t\t\t\t\t\t\t<div class=\"elementor-row\">\n\t\t\t\t\t<div class=\"elementor-column elementor-col-100 elementor-top-column elementor-element elementor-element-5c0d3f85\" data-id=\"5c0d3f85\" data-element_type=\"column\">\n\t\t\t<div class=\"elementor-column-wrap elementor-element-populated\">\n\t\t\t\t\t\t\t<div class=\"elementor-widget-wrap\">\n\t\t\t\t\t\t<div class=\"elementor-element elementor-element-1310ff6c elementor-widget elementor-widget-text-editor\" data-id=\"1310ff6c\" data-element_type=\"widget\" data-widget_type=\"text-editor.default\">\n\t\t\t\t<div class=\"elementor-widget-container\">\n\t\t\t\t\t\t\t\t<div class=\"elementor-text-editor elementor-clearfix\">\n\t\t\t\t<h1>Dorn-Therapie und Medizin<\/h1>\n<p>Immer mehr \u00c4rzte, Heilpraktiker, Physiotherapeuten, Hebammen, Ergotherapeuten und medizinische Masseure\/Bademeister wenden die Dorn &#8211; Therapie oder Dorn \u2013 Methode als Behandlungs-Konzept in ihren ganzheitlichen medizinischen Praxen an.<br>\nDie Dorn-Therapie \/ -Methode ist eine komplement\u00e4r-medizinische Therapie. Es gibt leider noch keine Studien oder Fallzahlanalysen \u00fcber die Dorn-Therapie und ihre Wirkungsweisen (2018). Der Verein \u201eInternationale Gesellschaft f\u00fcr medizinische Dorn-Therapie e.V.\u201c hat sich das Ziel der Erforschung der Dorn-Therapie auf die Fahne geschrieben.<\/p>\n<p>Die Dorn-Methode \/ &#8211; Therapie besteht aus 3 Teilbereichen:<\/p>\n<p>&#8211; die Therapie und Behandlungstechnik<\/p>\n<p>&#8211; die Eigen\u00fcbungen, die jeder Patient vom Therapeut erh\u00e4lt<\/p>\n<p>&#8211; ganzheitliches Therapiekonzept und Zusammenh\u00e4nge f\u00fcr Ursachen-Symptome-Analyse<\/p>\n<p>Eine Dorn-Behandlung besteht immer aus der Anwendung&nbsp; von allen 3 Bereichen, wenn ein Therapeut sie in der Praxis vollst\u00e4ndig anwenden m\u00f6chte.<\/p>\n<p>Das ganzheitliche Therapiekonzept beinhaltet viele Zusammenh\u00e4nge von Ursache der Dysfunktionen und Auftreten von Symptomen, wie: Wirbel \/ Gelenke \/ Muskeln \/ innere Organe \/ Meridiane und psychosoziale Faktoren. Grundlagen der Anwendung sind das Wissen von Anatomie, Physiologie und Pathologie je nach T\u00e4tigkeitsbereich des Therapeuten in den verschiedenen Fachbereichen wie Orthop\u00e4die, Neurologie, Innere Medizin, Kinder-Jugend-Medizin, Frauenheilkunde und Geburtshilfe, Zahnheilkunde, Psychologie, Tierheilkunde, Hals-Nasen-Ohren-Heilkunde, Manuelle Medizin oder Schmerztherapie.<\/p>\n<p>Hinweis: In Deutschland d\u00fcrfen nur \u00c4rzte und Heilpraktiker diagnostizieren. Behandlungs-Techniken, die in dem jeweiligen T\u00e4tigkeitsbereich von medizinischen Fachberuflern angesiedelt sind, d\u00fcrfen Physiotherapeuten, Medizinische Masseure\/Bademeister, Ergotherapeuten, Logop\u00e4den und Hebammen ausf\u00fchren (wie z.B. Tonus\/Spannung regulierende Massagetechniken an Sehnen, Sehnenknochenans\u00e4tzen und Muskulatur).<\/p>\t\t\t\t\t<\/div>\n\t\t\t\t\t\t<\/div>\n\t\t\t\t<\/div>\n\t\t\t\t\t\t<\/div>\n\t\t\t\t\t<\/div>\n\t\t<\/div>\n\t\t\t\t\t\t\t\t<\/div>\n\t\t\t\t\t<\/div>\n\t\t<\/section>\n\t\t\t\t\t\t\t\t\t<\/div>\n\t\t\t<\/div>\n\t\t\t\t\t<\/div>\n\t\t","protected":false},"excerpt":{"rendered":"<p>Dorn-Therapie und Medizin Immer mehr \u00c4rzte, Heilpraktiker, Physiotherapeuten, Hebammen, Ergotherapeuten und medizinische Masseure\/Bademeister wenden die Dorn &#8211; Therapie oder Dorn \u2013 Methode als Behandlungs-Konzept in ihren ganzheitlichen medizinischen Praxen an. Die Dorn-Therapie \/ -Methode ist eine komplement\u00e4r-medizinische Therapie. Es gibt leider noch keine Studien oder Fallzahlanalysen \u00fcber die Dorn-Therapie und ihre Wirkungsweisen (2018). Der Verein [&hellip;]<\/p>\n","protected":false},"author":1,"featured_media":186,"parent":0,"menu_order":0,"comment_status":"closed","ping_status":"closed","template":"","meta":[],"_links":{"self":[{"href":"https:\/\/dorn-methode-therapie.de\/index.php?rest_route=\/wp\/v2\/pages\/35"}],"collection":[{"href":"https:\/\/dorn-methode-therapie.de\/index.php?rest_route=\/wp\/v2\/pages"}],"about":[{"href":"https:\/\/dorn-methode-therapie.de\/index.php?rest_route=\/wp\/v2\/types\/page"}],"author":[{"embeddable":true,"href":"https:\/\/dorn-methode-therapie.de\/index.php?rest_route=\/wp\/v2\/users\/1"}],"replies":[{"embeddable":true,"href":"https:\/\/dorn-methode-therapie.de\/index.php?rest_route=%2Fwp%2Fv2%2Fcomments&post=35"}],"version-history":[{"count":4,"href":"https:\/\/dorn-methode-therapie.de\/index.php?rest_route=\/wp\/v2\/pages\/35\/revisions"}],"predecessor-version":[{"id":324,"href":"https:\/\/dorn-methode-therapie.de\/index.php?rest_route=\/wp\/v2\/pages\/35\/revisions\/324"}],"wp:featuredmedia":[{"embeddable":true,"href":"https:\/\/dorn-methode-therapie.de\/index.php?rest_route=\/wp\/v2\/media\/186"}],"wp:attachment":[{"href":"https:\/\/dorn-methode-therapie.de\/index.php?rest_route=%2Fwp%2Fv2%2Fmedia&parent=35"}],"curies":[{"name":"wp","href":"https:\/\/api.w.org\/{rel}","templated":true}]}}