{"id":344,"date":"2021-03-14T12:34:49","date_gmt":"2021-03-14T11:34:49","guid":{"rendered":"https:\/\/dorn-methode-therapie.de\/?page_id=344"},"modified":"2021-03-18T19:58:29","modified_gmt":"2021-03-18T18:58:29","slug":"orthopaedie-und-dorn-therapie","status":"publish","type":"page","link":"https:\/\/dorn-methode-therapie.de\/?page_id=344","title":{"rendered":"Orthop\u00e4die und Dorn-Therapie"},"content":{"rendered":"\t\t<div data-elementor-type=\"wp-page\" data-elementor-id=\"344\" class=\"elementor elementor-344\">\n\t\t\t\t\t\t<div class=\"elementor-inner\">\n\t\t\t\t<div class=\"elementor-section-wrap\">\n\t\t\t\t\t\t\t\t\t<section class=\"elementor-section elementor-top-section elementor-element elementor-element-2bab8734 elementor-section-boxed elementor-section-height-default elementor-section-height-default\" data-id=\"2bab8734\" data-element_type=\"section\">\n\t\t\t\t\t\t<div class=\"elementor-container elementor-column-gap-default\">\n\t\t\t\t\t\t\t<div class=\"elementor-row\">\n\t\t\t\t\t<div class=\"elementor-column elementor-col-100 elementor-top-column elementor-element elementor-element-22683800\" data-id=\"22683800\" data-element_type=\"column\">\n\t\t\t<div class=\"elementor-column-wrap elementor-element-populated\">\n\t\t\t\t\t\t\t<div class=\"elementor-widget-wrap\">\n\t\t\t\t\t\t<div class=\"elementor-element elementor-element-fbc7049 elementor-widget elementor-widget-heading\" data-id=\"fbc7049\" data-element_type=\"widget\" data-widget_type=\"heading.default\">\n\t\t\t\t<div class=\"elementor-widget-container\">\n\t\t\t<h1 class=\"elementor-heading-title elementor-size-default\">Orthop\u00e4die und Dorn-Methode\/-Therapie<\/h1>\t\t<\/div>\n\t\t\t\t<\/div>\n\t\t\t\t\t\t<\/div>\n\t\t\t\t\t<\/div>\n\t\t<\/div>\n\t\t\t\t\t\t\t\t<\/div>\n\t\t\t\t\t<\/div>\n\t\t<\/section>\n\t\t\t\t<section class=\"elementor-section elementor-top-section elementor-element elementor-element-47300e1 elementor-section-boxed elementor-section-height-default elementor-section-height-default\" data-id=\"47300e1\" data-element_type=\"section\">\n\t\t\t\t\t\t<div class=\"elementor-container elementor-column-gap-default\">\n\t\t\t\t\t\t\t<div class=\"elementor-row\">\n\t\t\t\t\t<div class=\"elementor-column elementor-col-50 elementor-top-column elementor-element elementor-element-8518622\" data-id=\"8518622\" data-element_type=\"column\">\n\t\t\t<div class=\"elementor-column-wrap elementor-element-populated\">\n\t\t\t\t\t\t\t<div class=\"elementor-widget-wrap\">\n\t\t\t\t\t\t<div class=\"elementor-element elementor-element-26db397 elementor-widget elementor-widget-image\" data-id=\"26db397\" data-element_type=\"widget\" data-widget_type=\"image.default\">\n\t\t\t\t<div class=\"elementor-widget-container\">\n\t\t\t\t\t\t\t\t<div class=\"elementor-image\">\n\t\t\t\t\t\t\t\t\t\t\t\t<img decoding=\"async\" width=\"1024\" height=\"468\" src=\"https:\/\/dorn-methode-therapie.de\/wp-content\/uploads\/2020\/04\/SKUB18-69-1024x468.jpg\" class=\"attachment-large size-large wp-image-177\" alt=\"\" loading=\"lazy\" srcset=\"https:\/\/dorn-methode-therapie.de\/wp-content\/uploads\/2020\/04\/SKUB18-69-1024x468.jpg 1024w, https:\/\/dorn-methode-therapie.de\/wp-content\/uploads\/2020\/04\/SKUB18-69-300x137.jpg 300w, https:\/\/dorn-methode-therapie.de\/wp-content\/uploads\/2020\/04\/SKUB18-69-768x351.jpg 768w, https:\/\/dorn-methode-therapie.de\/wp-content\/uploads\/2020\/04\/SKUB18-69-1536x701.jpg 1536w, https:\/\/dorn-methode-therapie.de\/wp-content\/uploads\/2020\/04\/SKUB18-69-2048x935.jpg 2048w\" sizes=\"(max-width: 1024px) 100vw, 1024px\" \/>\t\t\t\t\t\t\t\t\t\t\t\t\t\t<\/div>\n\t\t\t\t\t\t<\/div>\n\t\t\t\t<\/div>\n\t\t\t\t\t\t<\/div>\n\t\t\t\t\t<\/div>\n\t\t<\/div>\n\t\t\t\t<div class=\"elementor-column elementor-col-50 elementor-top-column elementor-element elementor-element-686163d\" data-id=\"686163d\" data-element_type=\"column\">\n\t\t\t<div class=\"elementor-column-wrap elementor-element-populated\">\n\t\t\t\t\t\t\t<div class=\"elementor-widget-wrap\">\n\t\t\t\t\t\t<div class=\"elementor-element elementor-element-35428fb elementor-widget elementor-widget-text-editor\" data-id=\"35428fb\" data-element_type=\"widget\" data-widget_type=\"text-editor.default\">\n\t\t\t\t<div class=\"elementor-widget-container\">\n\t\t\t\t\t\t\t\t<div class=\"elementor-text-editor elementor-clearfix\">\n\t\t\t\tDie Orthop\u00e4die behandelt Fehlbildungen und Erkrankungen des Faszien-Muskel-Skelett-Systems, dem sogenannten Bewegungsapparat. Es werden Beschwerden in und um Knochen, Gelenke, Kapseln, Sehnen, Muskeln und Nerven therapiert.\r\n\r\nLeider wende bisher nur wenige Orthop\u00e4den die Dorn-Therapie an. Von Orthop\u00e4den wird die Dorn-Therapie in einer k\u00fcrzeren Zeit\/-einheit angewendet oder in der Praxis an Fachpersonal deligiert.\t\t\t\t\t<\/div>\n\t\t\t\t\t\t<\/div>\n\t\t\t\t<\/div>\n\t\t\t\t\t\t<\/div>\n\t\t\t\t\t<\/div>\n\t\t<\/div>\n\t\t\t\t\t\t\t\t<\/div>\n\t\t\t\t\t<\/div>\n\t\t<\/section>\n\t\t\t\t\t\t\t\t\t<\/div>\n\t\t\t<\/div>\n\t\t\t\t\t<\/div>\n\t\t","protected":false},"excerpt":{"rendered":"<p>Orthop\u00e4die und Dorn-Methode\/-Therapie Die Orthop\u00e4die behandelt Fehlbildungen und Erkrankungen des Faszien-Muskel-Skelett-Systems, dem sogenannten Bewegungsapparat. Es werden Beschwerden in und um Knochen, Gelenke, Kapseln, Sehnen, Muskeln und Nerven therapiert. Leider wende bisher nur wenige Orthop\u00e4den die Dorn-Therapie an. Von Orthop\u00e4den wird die Dorn-Therapie in einer k\u00fcrzeren Zeit\/-einheit angewendet oder in der Praxis an Fachpersonal deligiert.<\/p>\n","protected":false},"author":1,"featured_media":0,"parent":35,"menu_order":0,"comment_status":"closed","ping_status":"closed","template":"","meta":[],"_links":{"self":[{"href":"https:\/\/dorn-methode-therapie.de\/index.php?rest_route=\/wp\/v2\/pages\/344"}],"collection":[{"href":"https:\/\/dorn-methode-therapie.de\/index.php?rest_route=\/wp\/v2\/pages"}],"about":[{"href":"https:\/\/dorn-methode-therapie.de\/index.php?rest_route=\/wp\/v2\/types\/page"}],"author":[{"embeddable":true,"href":"https:\/\/dorn-methode-therapie.de\/index.php?rest_route=\/wp\/v2\/users\/1"}],"replies":[{"embeddable":true,"href":"https:\/\/dorn-methode-therapie.de\/index.php?rest_route=%2Fwp%2Fv2%2Fcomments&post=344"}],"version-history":[{"count":4,"href":"https:\/\/dorn-methode-therapie.de\/index.php?rest_route=\/wp\/v2\/pages\/344\/revisions"}],"predecessor-version":[{"id":352,"href":"https:\/\/dorn-methode-therapie.de\/index.php?rest_route=\/wp\/v2\/pages\/344\/revisions\/352"}],"up":[{"embeddable":true,"href":"https:\/\/dorn-methode-therapie.de\/index.php?rest_route=\/wp\/v2\/pages\/35"}],"wp:attachment":[{"href":"https:\/\/dorn-methode-therapie.de\/index.php?rest_route=%2Fwp%2Fv2%2Fmedia&parent=344"}],"curies":[{"name":"wp","href":"https:\/\/api.w.org\/{rel}","templated":true}]}}