{"id":31,"date":"2020-04-16T15:02:44","date_gmt":"2020-04-16T13:02:44","guid":{"rendered":"http:\/\/localhost:8080\/?page_id=31"},"modified":"2026-03-10T12:57:49","modified_gmt":"2026-03-10T11:57:49","slug":"dorn-therapeuten","status":"publish","type":"page","link":"https:\/\/dorn-methode-therapie.de\/?page_id=31","title":{"rendered":"Dorn-Therapeuten"},"content":{"rendered":"\t\t<div data-elementor-type=\"wp-page\" data-elementor-id=\"31\" class=\"elementor elementor-31\">\n\t\t\t\t\t\t<div class=\"elementor-inner\">\n\t\t\t\t<div class=\"elementor-section-wrap\">\n\t\t\t\t\t\t\t\t\t<section class=\"elementor-section elementor-top-section elementor-element elementor-element-393af057 elementor-section-boxed elementor-section-height-default elementor-section-height-default\" data-id=\"393af057\" data-element_type=\"section\">\n\t\t\t\t\t\t<div class=\"elementor-container elementor-column-gap-default\">\n\t\t\t\t\t\t\t<div class=\"elementor-row\">\n\t\t\t\t\t<div class=\"elementor-column elementor-col-100 elementor-top-column elementor-element elementor-element-2d431168\" data-id=\"2d431168\" data-element_type=\"column\">\n\t\t\t<div class=\"elementor-column-wrap elementor-element-populated\">\n\t\t\t\t\t\t\t<div class=\"elementor-widget-wrap\">\n\t\t\t\t\t\t<div class=\"elementor-element elementor-element-5008b708 elementor-widget elementor-widget-text-editor\" data-id=\"5008b708\" data-element_type=\"widget\" data-widget_type=\"text-editor.default\">\n\t\t\t\t<div class=\"elementor-widget-container\">\n\t\t\t\t\t\t\t\t<div class=\"elementor-text-editor elementor-clearfix\">\n\t\t\t\t<h1>Therapeuten der Dorn-Methode \/ -Therapie<\/h1>\n<p><span style=\"font-family: Times New Roman, serif;\"><span style=\"font-size: medium;\">\u00c4rzte, Heilpraktiker, Physiotherapeuten, Hebammen, Ergotherapeuten, Logop\u00e4den und medizinische Masseure\/Bademeister wenden die Dorn &#8211; Therapie oder Dorn \u2013 Methode immer mehr als Behandlungs-Konzept in einer ganzheitlichen medizinischen Praxis bei Patienten an.<\/span><\/span><\/p>\n<p>Die Therapie mit der Dorn-Methode hat spezifische Inhalte, die Sie als Patient vor der Behandlung beim Therapeuten erfragen k\u00f6nnen.<br>Bei jeder Dorn &#8211; Behandlung m\u00fcssen Eigen\u00fcbungen vergeben werden! Dorn &#8211; Behandlungen dauern minimal 20 Minuten bis ungef\u00e4hr 1 Stunde je nach Praxisorganisation. Wenn Sie als Patient einen Therapeuten suchen, fragen Sie diesen seit wieviel Jahren und wie h\u00e4ufig er in der Woche nach Dorn behandelt. Die Therapeuten haben eine Pr\u00fcfung in den Breichen&nbsp; Befundung\/Diagnose, Behandlung\/Therapie und Vermittlung der Eigen\u00fcbungen abgelegt.<br><\/p>\n<p>Hinweis: In Deutschland d\u00fcrfen nur \u00c4rzte und Heilpraktiker diagnostizieren. Behandlungs-Techniken, die in dem jeweiligen T\u00e4tigkeitsbereich von medizinischen Fachberuflern angesiedelt sind, d\u00fcrfen Physiotherapeuten, Medizinische Masseure\/Bademeister, Ergotherapeuten, Logop\u00e4den und Hebammen ausf\u00fchren (wie z.B. Tonus\/Spannung regulierende Massagetechniken an Sehnen, Sehnenknochenans\u00e4tzen und Muskulatur).<\/p>\n<p><br><\/p>\n<div style=\"margin-top: 20px;\">\n<div>\n<\/div>\n<p><b>22117 Hamburg,<\/b> J\u00fcrgen Sihn, Medizinischer Masseur und Bademeister, M\u00f6llner-Landstr. 254, Tel: 040 7125200<\/p>\n<\/div>\n<div style=\"margin-top: 20px;\"><b>30966 Hemmingen,<\/b> Kirsten Nickel, Heilpraktikerin, Max-Planck-Str. 11, Tel.: 0511 44984546, Homepage: <span style=\"color: #0000ff;\"><u><a href=\"http:\/\/www.heilpraktikerin-kirsten-nickel.de\/\" target=\"www.heilpraktikerin-kirsten-nickel.de\" rel=\"noopener noreferrer\">www.heilpraktikerin-kirsten-nickel.de<\/a><br><\/u><\/span><\/div>\n<div style=\"margin-top: 20px;\">\n<p><b>36043 Fulda, <\/b>Patricia Bag, Heilpraktikerin, Kohlh\u00e4userstr. 100, Tel.: 0661 9019700, Homepage: <span style=\"color: #0000ff;\"><u><a href=\"http:\/\/www.naturheilpraxis-bag.de\/\" target=\"www.naturheilpraxis-bag.de\" rel=\"noopener noreferrer\">www.naturheilpraxis-bag.de<\/a><\/u><\/span><\/p>\n<div><b>36179 Bebra,<\/b> Manuela Nobach, Rohrweg 4, Heilpraktikerin, Tel.: 06622 806761, Homepage: <span style=\"color: #0000ff;\"><u><a href=\"http:\/\/www.naturheilkundepraxis-nobach.de\/\" target=\"www.naturheilkundepraxis-nobach.de\" rel=\"noopener noreferrer\">www.naturheilkundepraxis-nobach.de<\/a><\/u><\/span><\/div>\n<div><span style=\"color: #0000ff;\"><u><br><\/u><\/span><\/div>\n<div>\n<p><b>39356&nbsp;<\/b><b>Mannhausen, <\/b>Mandy Walter, Heilpraktikerin, Hauptstr. 28, Tel.: 039059 968983<\/p>\n<p><b>40211&nbsp;<\/b><b>D\u00fcsseldorf, <\/b>Karin Angenendt-Zukowski, Physiotherapeutin + Sektor.<br> Heilpraktikerin f. Physiotherapie, Am Wehrhahn 40, Tel.: 0211 36774657,<br> Homepage:&nbsp;<span style=\"color: #0000ff;\"><u><a href=\"http:\/\/praxis-angenendt.de\/\" target=\"http:\/\/praxis-angenendt.de\" rel=\"noopener noreferrer\">http:\/\/praxis-angenendt.de<\/a><\/u><\/span><\/p>\n<p><b>40627 D\u00fcsseldorf,&nbsp;<\/b>Christian Schlicker, Heilpraktiker, Gerresheimer Landstr. 110, Tel.: 0211 98919825, Homepage:&nbsp;<span style=\"color: #0000ff;\"><u><a href=\"http:\/\/www.naturheilpraxis-schlicker.de\/\" target=\"www.naturheilpraxis-schlicker.de\" rel=\"noopener noreferrer\">www.naturheilpraxis-schlicker.de<\/a><\/u><\/span><\/p>\n<p><b>42327 Wuppertal, <\/b>Monika Hartmann, Heilpraktikerin, Kirchenfelder Weg 60, Tel.: 02058 981609, Homepage: <span style=\"color: #0000ff;\"><u><a href=\"http:\/\/www.hp-hartmann.de\/\" target=\"www.hp-hartmann.de\" rel=\"noopener noreferrer\">www.hp-hartmann.de<\/a><\/u><\/span><\/p>\n<\/div>\n<div>\n<p><b>45147 Essen, <\/b>Iris-Marlis Brecklinghaus, Heilpraktikerin, Gemarkenstr. 10, Tel.: 0201 440511 Homepage: <span style=\"color: #0000ff;\"><u><a href=\"http:\/\/www.abraxas-vida.de\/\" target=\"www.abraxas-vida.de\" rel=\"noopener noreferrer\">www.abraxas-vida.de<\/a><\/u><\/span><\/p>\n<\/div>\n<div>\n<p><b>45549 Sprockh\u00f6vel,<\/b> Ina Tilly, Physiotherapeutin, Praxis physio&amp;mehr, <span style=\"color: #1f497d;\"><span style=\"font-family: Calibri, serif;\">Hermessiepen 5, Tel.: 02339 138000<\/span><\/span><\/p>\n<\/div>\n<div>\n<\/div>\n<div>\n<\/div>\n<div>\n<p><b>46395 Bocholt<\/b>, Frank Dos Santos, Heilpraktiker, M\u00f6llenkamp 6 A, Tel.: 02873 949252, Homepage: <a href=\"https:\/\/www.naturheilpraxis-santos.de\" target=\"_blank\">www.naturheilpraxis-santos.de<\/a><\/p>\n<p><b>51469 Bergisch Gladbach, <\/b>Birte Kaptain, Physiotherapeutin, Hermann-L\u00f6ns-Str. 37, Tel.: 0162 1820874 , Homepage: <span style=\"color: #0000ff;\"><u><a href=\"http:\/\/www.die-masseure.com\/\" target=\"www.die-masseure.com\" rel=\"noopener noreferrer\">www.die-masseure.com<\/a><\/u><\/span><\/p>\n<\/div>\n<div>\n<p><b>52066 Aachen, <\/b>Silvia + Karla Gehde, Heilpraktinerin, Hei\u00dfbergstra\u00dfe 20, Tel.: 0176 23527999, Homepage: <span style=\"color: #0000ff;\"><u><a href=\"http:\/\/www.silviagehde.de\/\" target=\"www.silviagehde.de\" rel=\"noopener noreferrer\">www.silviagehde.de<\/a><\/u><\/span><\/p>\n<\/div>\n<div>\n<p><b>52372 Kreuzau-Boich, <\/b>Christian Sch\u00fctte, Heilpraktiker, Gereonstr. 105, Tel.: 02421 16153, Homepage: <span style=\"color: #0000ff;\"><u><a href=\"http:\/\/www.praxis-schuette.de\/\" target=\"www.praxis-schuette.de\" rel=\"noopener noreferrer\">www.praxis-schuette.de<\/a><\/u><\/span><\/p>\n<\/div>\n<div>\n<\/div>\n<div>\n<p><b>53879 Euskirchen, <\/b>Elisabeth Metz-Melchior, Heilpraktikerin, Am Auberg 41, Tel: 02251 6252915, Homepage: <span style=\"color: #0000ff;\"><u><a href=\"http:\/\/www.rigani.de\/\" target=\"www.rigani.de\" rel=\"noopener noreferrer\">www.rigani.de<\/a><\/u><\/span><\/p>\n<\/div>\n<div>\n<p><b>54595 Pr\u00fcm, <\/b>Alexander Haas, Physiotherapeut, Physiotherapieraxis Rausch-Geissler, Kolpingstr. 3, Tel.: 06558 900359<\/p>\n<\/div>\n<div>\n<p><b>54634 Bitburg, <\/b>Praxis Walburga Dimmer, Physiotherapie + Osteopathie, Heinrichstr. 10, Tel.: 06561 695121, Homepage: <a href=\"https:\/\/purkommt.jimdo.com\/\" target=\"_blank\">https:\/\/purkommt.jimdo.com\/<\/a><\/p>\n<p><b>55599 Wonsheim, <\/b>Steffi Engel, Heilpraktikerin, Unterwendelsheim 42, Tel.: 06734 9131800, Homepage: <span style=\"color: #0000ff;\"><u><a href=\"http:\/\/www.naturheilpraxis-engel.de\/\" target=\"www.naturheilpraxis-engel.de\" rel=\"noopener noreferrer\">www.naturheilpraxis-engel.de<\/a><\/u><\/span><\/p>\n<\/div>\n<div>\n<p><b>58135 Hagen, <\/b>Marion Junker, Heilpraktikerin, Kurze Str. 19, Tel.: 02331 981287, Homepage: <span style=\"color: #0000ff;\"><u><a href=\"http:\/\/www.majuprax.de\/\" target=\"www.majuprax.de\" rel=\"noopener noreferrer\">www.majuprax.de<\/a><\/u><\/span><\/p>\n<\/div>\n<div>\n<p><b>59174 Kamen,<\/b> Sandra Katzbach, Physiotherapeutin + Heilpraktikerin, Robert-Koch-Str. 58, Tel.: 0178 531460<br><\/p>\n<\/div>\n<div>\n<p><b>60487 Frankfurt,<\/b> Michael H\u00e4usler, Heilpraktiker, Wildunger Strasse 1 B, Tel.: 069 79201953, Homepage:&nbsp;<span style=\"color: #0000ff;\"><u><a href=\"http:\/\/www.dorn-breuss-wirbeltherapie.de\/\" target=\"www.dorn-breuss-wirbeltherapie.de\" rel=\"noopener noreferrer\">www.dorn-breuss-wirbeltherapie.de<\/a><\/u><\/span><\/p>\n<\/div>\n<div>\n<p><b>61118 Bad Vilbel, <\/b>Sabine Schneider, Ergotherapeutin, Praxis f\u00fcr Ergotherapie und Logop\u00e4die Katja Bonsack, Frankfurter Str. 26 &#8211; 28, Tel.: 06101 307889<\/p>\n<\/div>\n<div>\n<p><b>61118 Bad Vilbel,<\/b> Andrea Antic, Ergotherapeutin, Praxis f\u00fcr Ergotherapie und Logop\u00e4die Katja Bonsack, Frankfurter Str. 26 &#8211; 28, Tel.: 06101 307889<\/p>\n<\/div>\n<div>\n<p><b>63785 Obernburg<\/b>, Michael Drechsler, Heilpraktiker, Lindenstr. 20, Tel.: 06022 614242, Homepage:&nbsp;<span style=\"color: #0000ff;\"><u><a href=\"http:\/\/www.heilpraktiker-drechsler.de\/\" target=\"www.heilpraktiker-drechsler.de\" rel=\"noopener noreferrer\">www.heilpraktiker-drechsler.de<\/a><\/u><\/span><\/p>\n<\/div>\n<div>\n<p><strong>63834 Sulzbach,<\/strong> Christiane Waldmann, Heilpraktikerin, Prof.-Dr.-D\u00f6ger-Str. 28 , Tel.: 06028 9986920, Homepage: <a href=\"https:\/\/www.naturheilpraxis-waldmann.de\" target=\"_blank\">www.naturheilpraxis-waldmann.de<\/a><strong><\/strong><\/p>\n<p><strong>65779 Kelkheim <\/strong>, Martina Sommer, Heilpraktikerin, Wilhelmstr. 3, Tel.:&nbsp;06195 999 889, Homepage: <a href=\"https:\/\/www.naturheilpraxis-msommer.de\">www.naturheilpraxis-msommer.de<\/a><br><\/p>\n<\/div>\n<div>\n<p><b>67547 Worms, <\/b>Uta Friedrich, Logop\u00e4din, Wilhelm-Leuschenr-Str. 1, Tel.: 06241 26201, Homepage:&nbsp;<span style=\"color: #0000ff;\"><u><a href=\"http:\/\/www.logopaedie-friedrich-worms.de\/\" target=\"www.logopaedie-friedrich-worms.de\" rel=\"noopener noreferrer\">www.logopaedie-friedrich-worms.de<\/a><\/u><\/span><\/p>\n<\/div>\n<div>\n<p><b>69234 Dielheim, <\/b>Thorsten Koglin, Heilpraktiker, Panorama Str. 2, Tel.: 06222 770237, Homepage:&nbsp;<a href=\"https:\/\/www.heilpraktiker-koglin.de\/\" target=\"_blank\">www.heilpraktiker-koglin.de<\/a><\/p>\n<p><b>69245 Bammental, <\/b>Annette Haas, Physiotherapeutin, Dammweg 41, Tel.: 06223 5541, Homepage: <span style=\"color: #0000ff;\"><u><a href=\"http:\/\/www.haas-physiotherapie.com\/\" target=\"www.haas-physiotherapie.com\" rel=\"noopener noreferrer\">www.haas-physiotherapie.com<\/a><\/u><\/span><\/p>\n<\/div>\n<div>\n<p><b>69469 Weinheim, <\/b>Tanja Schnur, Physiotherapeutin + Sektor. Heilpraktikerin f. Physiotherapie, Tel.: 0179 8193310, Homepage: <span style=\"color: #0000ff;\"><u><a href=\"http:\/\/www.praxis-sonnenseite-weinheim.de\/\" target=\"www.praxis-sonnenseite-weinheim.de\" rel=\"noopener noreferrer\">www.praxis-sonnenseite-weinheim.de<\/a><\/u><\/span><\/p>\n<\/div>\n<div>\n<p><b>70188 Stuttgart, <\/b>Ulrike Tafreshian, Heilpraktikerin, Hagbergstr. 2, Tel.: 0711 4687855, Homepage: <span style=\"color: #0000ff;\"><u><a href=\"http:\/\/www.tafreshian.de\/\" target=\"www.tafreshian.de\" rel=\"noopener noreferrer\">www.tafreshian.de<\/a><\/u><\/span><\/p>\n<\/div>\n<div>\n<p><b>70439 Stuttgart,<\/b> Jochen T\u00f6dtmann, Heilpraktiker + Dr. rer. nat., Korntaler Str. 48, Tel.: 0711 8070900, Homepage: <span style=\"color: #0000ff;\"><u><a href=\"http:\/\/www.dr-toedtmann.de\/\" target=\"www.dr-toedtmann.de\" rel=\"noopener noreferrer\">www.dr-toedtmann.de<\/a><\/u><\/span><\/p>\n<\/div>\n<div>\n<p><b>70439 Stuttgart, <\/b>Kurt Schwab, Heilpraktiker, Wikingerweg 59, Tel: 0711 81041900, Homepage: <span style=\"color: #0000ff;\"><u><a href=\"http:\/\/www.kurt-schwab.de\/\" target=\"www.kurt-schwab.de\" rel=\"noopener noreferrer\">www.kurt-schwab.de<\/a><\/u><\/span><\/p>\n<\/div>\n<div>\n<p><b>70734 Fellbach,<\/b> Eva Warth-Herberger, Heilpraktikerin, Bruckstr. 10, Tel: 0711 5160587, Homepage: <span style=\"color: #0000ff;\"><u><a href=\"http:\/\/www.nhp-fellbach.de\/\" target=\"www.nhp-fellbach.de\" rel=\"noopener noreferrer\">www.nhp-fellbach.de<\/a><\/u><\/span><\/p>\n<\/div>\n<div>\n<\/div>\n<div><p><b>71067 Sindelfingen, <\/b>Anne M\u00fcller, Heilpraktikerin, Guttenbrunnstr. 68, Tel.: 07031 413280<\/p><\/div><div>\n<\/div>\n<div>\n<p><b>72250 Freudenstadt, <\/b>Dr. med. Stefan Koehler, Stra\u00dfburgerstr. 29, Tel.: 0171 3619211<br><\/p>\n<\/div>\n<div>\n<p><b>72669 Unterensingen, <\/b>Gabriele Kapp, Heilpraktikerin, Esslinger Str. 16, Tel.: 07022 250282, Homepage: <span style=\"color: #0000ff;\"><u><a href=\"http:\/\/www.dornpraxiskapp.de\/\" target=\"www.dornpraxiskapp.de\" rel=\"noopener noreferrer\"><b>www.dornpraxiskapp.de<\/b><\/a><\/u><\/span><\/p>\n<\/div>\n<div>\n<p><b>73033 G\u00f6ppingen, <\/b>Eva K\u00fcmmel, Heilpraktikerin, Sch\u00fctzenstr. 24, Tel.: 07161 6565720, Homepage: <span style=\"color: #0000ff;\"><u><a href=\"http:\/\/www.naturheilpraxis-ek.de\/\" target=\"www.naturheilpraxis-ek.de\" rel=\"noopener noreferrer\">www.naturheilpraxis-ek.de<\/a><\/u><\/span><\/p>\n<\/div>\n<div>\n<p><b>73553 Alfdorf, <\/b>Gisela Hintermeier, Heilpraktikerin, Farbgasse 35, Tel.: 07172 3777<\/p>\n<\/div>\n<div>\n<p><b>73614 Schorndorf,<\/b> Carmen Feistritzer, Heilpraktikerin, Oskar-Frech-Str. 15, Tel.: 07181 9943616<\/p>\n<\/div>\n<div>\n<p><b>74532 Schw\u00e4bisch Hall, <\/b>Regine Berroth, Heilpraktikerin, Wolf-Hirt-Weg. 12, Tel: 0791 9561013<\/p>\n<\/div>\n<div>\n<p><b>74532 Schw\u00e4bisch Hall, <\/b>Christiane Krau\u00df, Heilpraktikerin, Wettbach 3, Tel.: 0791 8565202, Homepage: <span style=\"color: #0000ff;\"><u><a href=\"http:\/\/www.christiane-krauss.de\/\" target=\"www.christiane-krauss.de\" rel=\"noopener noreferrer\">www.christiane-krauss.de<\/a><\/u><\/span><\/p>\n<\/div>\n<div>\n<p><b>75180 Pforzheim,<\/b> Hagar Hartung, Heilpraktikerin, Ganghoferstr. 5, Tel.: 07231 316364, Homepage:<u> <a href=\"http:\/\/www.heilpraktikerin-hagar-hartung.de\" target=\"_blank\" rel=\"noopener\">www.heilpraktikerin-hagar-hartung.de<\/a><\/u><\/p>\n<\/div>\n<div>\n<p><b>76307 Karlsbad-Ittersbach, <\/b>Bennos RehaFit-Physiotherapie, Pfinztalstr. 2. Tel.: 07248 9498818, Homepage: <span style=\"color: #0000ff;\"><u><a href=\"http:\/\/www.bennos-reha-fit.de\/\" target=\"www.bennos-reha-fit.de\" rel=\"noopener noreferrer\">www.bennos-reha-fit.de<\/a><\/u><\/span><\/p>\n<\/div>\n<div>\n<\/div>\n<div>\n<p><b>76316 Malsch, <\/b>Bennos RehaFit-Physiotherapie, Waldprechtstr. 1, Tel.: 07246 305866<\/p>\n<\/div>\n<div>\n<p><b>76530 Baden-Baden, <\/b>Lilia Herlein, Physiotherapeutin, Waldseestr. 2 C, Tel.: 07221 1882575, Homepage: <span style=\"color: #0000ff;\"><u><a href=\"http:\/\/www.provita-baden-baden.com\/\" target=\"www.provita-baden-baden.com\" rel=\"noopener noreferrer\">www.provita-baden-baden.com<\/a><\/u><\/span><\/p>\n<\/div>\n<div>\n<p><b>76532 Baden-Baden, <\/b>Krankengymnastik, Bettina Wannemacher, Ooser Hauptstr. 6 A, Tel.: 07221 995045<\/p>\n<\/div>\n<div>\n<p><b>76669 Bad Sch\u00f6nborn, <\/b>Roland Stassen, Physiotherapeut + Heilpraktiker, Kirchbrendelring 24, Tel.: 07253 935098, Homepage: <span style=\"color: #0000ff;\"><u><a href=\"http:\/\/www.heilpraktiker-stassen.de\/\" target=\"www.heilpraktiker-stassen.de\" rel=\"noopener noreferrer\">www.heilpraktiker-stassen.de<\/a><\/u><\/span><\/p>\n<\/div>\n<div>\n<p><b>76889 Schweigen-Rechtenbach, <\/b>Ninette Billhardt, Physiotherapeutin + Heilpraktikerin, Kirchstr. 32, Tel.: 0151 28069021, Homepage: <a href=\"http:\/\/www.bewegungsraum-pfalz.de\" target=\"_blank\">www.bewegungsraum-pfalz.de<\/a><\/p>\n<p><b>78054 Villingen-Schwenningen, <\/b>Gerhard K\u00fcnstel, Heilpraktiker, Heilbronner Str. 77, Tel.: 07720 811488<\/p>\n<\/div>\n<div>\n<p><b>78239 Rielasingen-Worblingen, <\/b>Sandra Peric, Heilpraktikerin, Tel.: 07731 921699, Homepage: <span style=\"color: #0000ff;\"><u><a href=\"http:\/\/www.cranio-praxis-peric.de\/\" target=\"www.cranio-praxis-peric.de\" rel=\"noopener noreferrer\">www.cranio-praxis-peric.de<\/a><\/u><\/span><\/p>\n<\/div>\n<div>\n<p><b>78315 Radolfzell,<\/b> Ina Burgath, Physiotherapeutin, Friedrichstr. 4, Tel.: 07732 970206, Homepage:&nbsp; <span style=\"color: #0000ff;\"><u><a href=\"http:\/\/www.physiotherapie-radolfzell.de\/\" target=\"www.physiotherapie-radolfzell.de\" rel=\"noopener noreferrer\">www.physiotherapie-radolfzell.de<\/a><\/u><\/span><\/p>\n<\/div>\n<div>\n<\/div>\n<div>\n<p><b>78315 Radolfzell, <\/b>Uta Schilling, Physiotherapeutin, Nordendstr. 64, Tel.: 07732 9423896<\/p>\n<\/div>\n<div>\n<p><b>79104 Freiburg<\/b>, Sven Koch, Physiotherapeut + Heilpraktiker, Albertstr. 1, Tel.: 0761 8814655, Homepage: <span style=\"color: #0000ff;\"><u><a href=\"http:\/\/www.dorn-praxis.de\/\" target=\"www.dorn-praxis.de\" rel=\"noopener noreferrer\">www.dorn-praxis.de<\/a><\/u><\/span><\/p>\n<\/div>\n<div>\n<p><b>79102 Freiburg,<\/b> Gundi Riefer, Heilpraktikerin, Prinz-Eugen-Str. 4, Tel.: 0761 77644, Homepage: <span style=\"color: #0000ff;\"><u><a href=\"http:\/\/www.gundi-riefer.de\/\" target=\"www.gundi-riefer.de\" rel=\"noopener noreferrer\">www.gundi-riefer.de<\/a><\/u><\/span><\/p>\n<\/div>\n<div>\n<p><b>79117 Freiburg, <\/b>Dr. med. Andrea Lusser, Privatpraxis f\u00fcr naturheilkundliche Medizin, Steinackerstr. 8, Tel.: 0761 65513, Homepage: <span style=\"color: #0000ff;\"><u><a href=\"http:\/\/www.dr-lusser.de\/\" target=\"www.dr-lusser.de\" rel=\"noopener noreferrer\">www.dr-lusser.de<\/a><\/u><\/span><\/p>\n<\/div>\n<div>\n<p><b>79194 Gundelfingen, <\/b>Tina Zipfel, Sektorale Heilpraktikerin + Physiotherapeutin, Thormattenweg 3, Tel.: 0151 72059539<b><br><\/b><\/p>\n<p><b>79540 L\u00f6rrach,<\/b> Dorothea Arnold, Physiotherapeutin, Baslerstr. 127, Tel.: 07621 43306<\/p>\n<\/div>\n<div>\n<p><b>79730 Murg, <\/b>Neno Bertucco, Heilpraktiker + Med. Masseur, Kirchstra\u00dfe 23 a, Tel.: 07763 3250, Homepage: <a href=\"https:\/\/www.koerpertherapie-bertucco.de\" target=\"_blank\">www.koerpertherapie-bertucco.de<\/a><\/p>\n<p><b>80335 M\u00fcnchen, <\/b>Matthias Schwarz, Heilpraktiker, Bahnhofplatz 5, Tel.: 089 558676, Homepage: <span style=\"color: #0000ff;\"><u><a href=\"http:\/\/www.gesundheitspraxis-schwarz.de\/\" target=\"www.gesundheitspraxis-schwarz.de\" rel=\"noopener noreferrer\">www.gesundheitspraxis-schwarz.de<\/a><\/u><\/span><\/p>\n<\/div>\n<div>\n<p><b>80797 M\u00fcnchen, <\/b>Judith Blab, Physiotherapeutin + Heilpraktikerin, Elisabeth-Kohn-Strasse, Tel.: 0163\/5494473<\/p>\n<p><b>81825 M\u00fcnchen,<\/b> Laurent Biller, Physiotherapeut + Heilpraktiker, Truderingerstr. 273, Tel.: 089 4396754, Homepage: <span style=\"color: #0000ff;\"><u><a href=\"http:\/\/www.praxis-biller.de\/\" target=\"www.praxis-biller.de\" rel=\"noopener noreferrer\">www.praxis-biller.de<\/a><\/u><\/span><\/p>\n<\/div>\n<div>\n<p><b>88048 Friedrichshafen, <\/b>Claudia Kortkamp, Physiotherapeutin, Tannenriedweg 3, Tel.: 07544 9498463<\/p>\n<\/div>\n<div>\n<p><b>88069 Tettnang, <\/b>Monika Hartmann, Heilpraktikerin, Karlstrasse 16\/1, Tel.: 07542 939840, Homepage: <span style=\"color: #0000ff;\"><u><a href=\"http:\/\/www.monika-hartmann.de\/\" target=\"www.monika-hartmann.de\" rel=\"noopener noreferrer\">www.monika-hartmann.de<\/a><\/u><\/span><\/p>\n<\/div>\n<div>\n<p><b>88400 Biberach, <\/b>Rainer Maria M\u00fcller, Heilpraktiker, Marktplatz 48, Tel.: 07351 13888 Homepage: <span style=\"color: #0000ff;\"><u><a href=\"http:\/\/www.heilpraktiker-rainer-maria-mueller.de\/\" target=\"www.heilpraktiker-rainer-maria-mueller.de\" rel=\"noopener noreferrer\">www.heilpraktiker-rainer-maria-mueller.de<\/a><\/u><\/span><\/p>\n<\/div>\n<div>\n<p><b>88471 Laupheim, <\/b>Anna Dangelmayr, Physiotherapeutin, Am Saun 34, Tel.: 07392 9130775<b><br><\/b><\/p>\n<p><b>88484 Gutenzell-H\u00fcbel , <\/b>Ramona Thanner, Heilpraktikerin, Stock\u00e4cker 44, Tel.: 07352 91037, Homepage:&nbsp; <span style=\"color: #0000ff;\"><u><a href=\"http:\/\/www.naturheilpraxis-thanner.de\/\" target=\"www.naturheilpraxis-thanner.de\" rel=\"noopener noreferrer\">www.naturheilpraxis-thanner.de<\/a><\/u><\/span><\/p>\n<\/div>\n<div>\n<p><b>88512 Mengen, <\/b>Klaus-J\u00fcrgen Schwabe, Physiotherapeut, Neue-Str. 18, Tel.: 07572 712255, Homepage: <a href=\"https:\/\/www.Physiotherapie-Schwabe.com\" target=\"_blank\">www.Physiotherapie-Schwabe.com<\/a><\/p>\n<\/div>\n<div>\n<p><b>90441 N\u00fcrnberg,<\/b> Dr. med. Siegfried Zinecker, Facharzt f\u00fcr Allgemeinmedizin, Olgastra\u00dfe 9, Tel: 0911 994100, Homepage: <span style=\"color: #0000ff;\"><u><a href=\"http:\/\/www.dr-zinecker.de\/\" target=\"www.dr-zinecker.de\" rel=\"noopener noreferrer\">www.dr-zinecker.de<\/a><\/u><\/span><\/p>\n<\/div>\n<div>\n<p><b>90475 N\u00fcrnberg,<\/b> Anna Velisek, Heilpraktikerin, Welfenstr. 24 D, Tel: 0911 8173536, Homepage: <span style=\"color: #0000ff;\"><u><a href=\"http:\/\/www.heilpraktikerin-anna-velisek.de\/\" target=\"www.heilpraktikerin-anna-velisek.de\" rel=\"noopener noreferrer\">www.heilpraktikerin-anna-velisek.de<\/a><\/u><\/span><\/p>\n<\/div>\n<div>\n<p><b>90762 F\u00fcrth, <\/b>Doris Bittner, Heilpraktikerin, Rudolf-Breitscheid-Stra\u00dfe 51, Tel.: 0911 7437001, Homepage: <span style=\"color: #0000ff;\"><u><a href=\"http:\/\/www.bittner-natur.de\/\" target=\"www.bittner-natur.de\" rel=\"noopener noreferrer\">www.bittner-natur.de<\/a><\/u><\/span><\/p>\n<\/div>\n<div>\n<p><b>91126 Schwabach, <\/b>Doris B\u00f6hm, Heilpraktikerin, H\u00e4ndelplatz 2, Tel.: 09122 15141, Homepage: <span style=\"color: #0000ff;\"><u><a href=\"http:\/\/www.dorn-therapie.com\/\" target=\"www.dorn-therapie.com\" rel=\"noopener noreferrer\">www.dorn-therapie.com<\/a><\/u><\/span><\/p>\n<\/div>\n<div>\n<p><b>92224 Amberg, <\/b>Andreas Fuchs, Heilpraktiker, Am Fiederhof 3, Tel.: 09621 9011469, Homepage:<b> <\/b><a href=\"http:\/\/www.praxis-lebenswert.de\/\" target=\"_blank\">www.praxis-lebenswert.de\/<\/a><\/p>\n<p><b>94032 Passau,<\/b> Sabine + Harald B\u00e4hr, Heilpraktikerin + Arzt Dr. med., G\u00f6ttweigerstr. 41, Tel.: 0851 49084393, Homepage: <span style=\"color: #0000ff;\"><u><a href=\"http:\/\/www.hsbaehr.de\/\" target=\"www.hsbaehr.de\" rel=\"noopener noreferrer\">www.hsbaehr.de<\/a><\/u><\/span><\/p>\n<\/div>\n<div>\n<p><b>94333 Geiselh\u00f6ring, <\/b>Karl Gundel, Heilpraktiker, Ludwig Ganghoferstr. 7, Tel.: 09423 1595, Homepage: <span style=\"color: #0000ff;\"><u><a href=\"http:\/\/www.schmerztherapie-gundel.de\/\" target=\"www.schmerztherapie-gundel.de\" rel=\"noopener noreferrer\">www.schmerztherapie-gundel.de<\/a><\/u><\/span><\/p>\n<\/div>\n<div>\n<div>\n<p>A <b>1010 Wien,<\/b> Lisanne Schneider, dipl. Physiotherapeutin, Freyung 6, 2. Schottenhof, Tel.: +43 1 79580 8000, Homepage: <span style=\"color: #0000ff;\"><u><a href=\"https:\/\/www.physiotherapie.at\/go.asp?sektion=personen&amp;aktion=view&amp;berufsgruppe=phy&amp;stichwort=schneider+lisanne&amp;bereich_id=9104&amp;subbereich_id=0&amp;order_by_marker=N\" target=\"www.physiotherapie.at\/schneider_lisanne\" rel=\"noopener noreferrer\">www.physiotherapie.at\/schneider_lisanne<\/a><\/u><\/span><\/p>\n<\/div>\n<p><b>CH 4332 Stein AG<\/b>, Andrea Fuderer, Physiotherapeutin, Therapie Fricktal, M\u00fcnchwilerstr. 31, +41 (0)628 731090, <a href=\"https:\/\/www.therapie-fricktal.ch\" target=\"_blank\">www.therapie-fricktal.ch<\/a><\/p>\n<p>CH <strong>9042 Speicher<\/strong>, Simone von Rickenbach, dipl. Physiotherapeutin,<br>Bruggmoos 16 A, Tel.: +41 (0)71 2444 938, Homepage: <a href=\"https:\/\/www.physiorundum.ch\">www.physiorundum.ch<\/a><\/p>\n<p>NO&nbsp;<b>4016 Stavanger,<\/b> Gunnar Johan Helliesen, Heilpraktiker, Brattasveien 17, Tel.: +47 412 93896, Homepage: <span style=\"color: #0000ff;\"><u><a href=\"http:\/\/www.naturmedisineren.com\/\" target=\"www.naturmedisineren.com\" rel=\"noopener noreferrer\">www.naturmedisineren.com<\/a><\/u><\/span><\/p>\n<\/div>\n<div>\n<p>TR<b> 34720 Kadik\u00f6y<\/b>, Sinem Yetistirici, Medical Trainer, Studiofit&amp;fex, Tel.: +900 553 088 0870<\/p>\n<\/div>\n<\/div>\t\t\t\t\t<\/div>\n\t\t\t\t\t\t<\/div>\n\t\t\t\t<\/div>\n\t\t\t\t\t\t<\/div>\n\t\t\t\t\t<\/div>\n\t\t<\/div>\n\t\t\t\t\t\t\t\t<\/div>\n\t\t\t\t\t<\/div>\n\t\t<\/section>\n\t\t\t\t\t\t\t\t\t<\/div>\n\t\t\t<\/div>\n\t\t\t\t\t<\/div>\n\t\t","protected":false},"excerpt":{"rendered":"<p>Therapeuten der Dorn-Methode \/ -Therapie \u00c4rzte, Heilpraktiker, Physiotherapeuten, Hebammen, Ergotherapeuten, Logop\u00e4den und medizinische Masseure\/Bademeister wenden die Dorn &#8211; Therapie oder Dorn \u2013 Methode immer mehr als Behandlungs-Konzept in einer ganzheitlichen medizinischen Praxis bei Patienten an. Die Therapie mit der Dorn-Methode hat spezifische Inhalte, die Sie als Patient vor der Behandlung beim Therapeuten erfragen k\u00f6nnen.Bei jeder [&hellip;]<\/p>\n","protected":false},"author":1,"featured_media":185,"parent":0,"menu_order":0,"comment_status":"closed","ping_status":"closed","template":"","meta":[],"_links":{"self":[{"href":"https:\/\/dorn-methode-therapie.de\/index.php?rest_route=\/wp\/v2\/pages\/31"}],"collection":[{"href":"https:\/\/dorn-methode-therapie.de\/index.php?rest_route=\/wp\/v2\/pages"}],"about":[{"href":"https:\/\/dorn-methode-therapie.de\/index.php?rest_route=\/wp\/v2\/types\/page"}],"author":[{"embeddable":true,"href":"https:\/\/dorn-methode-therapie.de\/index.php?rest_route=\/wp\/v2\/users\/1"}],"replies":[{"embeddable":true,"href":"https:\/\/dorn-methode-therapie.de\/index.php?rest_route=%2Fwp%2Fv2%2Fcomments&post=31"}],"version-history":[{"count":88,"href":"https:\/\/dorn-methode-therapie.de\/index.php?rest_route=\/wp\/v2\/pages\/31\/revisions"}],"predecessor-version":[{"id":897,"href":"https:\/\/dorn-methode-therapie.de\/index.php?rest_route=\/wp\/v2\/pages\/31\/revisions\/897"}],"wp:featuredmedia":[{"embeddable":true,"href":"https:\/\/dorn-methode-therapie.de\/index.php?rest_route=\/wp\/v2\/media\/185"}],"wp:attachment":[{"href":"https:\/\/dorn-methode-therapie.de\/index.php?rest_route=%2Fwp%2Fv2%2Fmedia&parent=31"}],"curies":[{"name":"wp","href":"https:\/\/api.w.org\/{rel}","templated":true}]}}