{"id":21,"date":"2020-04-16T15:01:41","date_gmt":"2020-04-16T13:01:41","guid":{"rendered":"http:\/\/localhost:8080\/?page_id=21"},"modified":"2020-04-22T12:40:00","modified_gmt":"2020-04-22T10:40:00","slug":"indikationen-und-kontraindikationen","status":"publish","type":"page","link":"https:\/\/dorn-methode-therapie.de\/?page_id=21","title":{"rendered":"Indikationen und Kontraindikationen"},"content":{"rendered":"<h1 class=\"western\">Indikationen und Kontraindikationen<\/h1>\n<p><span style=\"font-family: Times New Roman, serif;\"><span style=\"font-size: medium;\"><img decoding=\"async\" loading=\"lazy\" class=\"size-full wp-image-99 alignleft\" src=\"http:\/\/dornme.wpstage.covomedia.com\/wp-content\/uploads\/2020\/04\/indikation.jpg\" alt=\"\" width=\"220\" height=\"146\" \/>Bei jeder Therapie ist es wichtig Therapiehinweise, Anwendungsm\u00f6glichkeiten und Gegenanzeigen zu erkennen und zu beachten. Dorn ist eine einfache Therapie in seiner Entstehung und es gibt den Bereich f\u00fcr die Laien, um die eigene und famili\u00e4re Gesundheitspflege zu gestalten. F\u00fcr die therapeutische Anwendung in einer Praxis ist ein Verst\u00e4ndnis und Ausbildung in einem medizinischen Fachberuf Voraussetzung, um mit \u00dcberblick Gefahren zu erkennen und vor einer Behandlung zu weiterer Differentialdiagnose weiter leiten zu k\u00f6nnen. Diagnostik von Erkrankungen d\u00fcrfen nur \u00c4rzte und Heilpraktiker durchf\u00fchren und daraufhin diese behandeln. Die fachberuflichen Heilhilfsberufe d\u00fcrfen aufgrund einer Diagnose und Verschreibung eines Arztes oder Heilpraktikers diese behandeln.<\/span><\/span><\/p>\n<h2 class=\"western\">Indikationen oder Anwendung bei folgenden Beschwerden:<\/h2>\n<p><span style=\"font-family: Times New Roman, serif;\"><span style=\"font-size: medium;\">Mit dieser Methode k\u00f6nnen Beschwerden im Bereich der Wirbels\u00e4ule und auch Ausstrahlungen in die Beine, Arme und Kopf behandelt werden. Es k\u00f6nnen Schmerzen in einzelnen Gelenken behandelt werden. Orthop\u00e4dische und peripher neurologische Beschwerden k\u00f6nnen behandelt werden, solange sie nicht unter die Kontraindikationen fallen.<\/span><\/span><\/p>\n<p><span style=\"font-family: Times New Roman, serif;\"><span style=\"font-size: medium;\">Jeder Mensch kann seine Beschwerden unterschiedlich wahrnehmen, soda\u00df hier nur eine kleine Aufz\u00e4hlung gegeben werden kann. Es k\u00f6nnen Schmerzen, Kribbeln, Taubheit, Ziehen, Stechen, Dr\u00fccken, Schw\u00e4chen in verschiedenen Ausdehnungen wie punkt-, strichf\u00f6rmig oder fl\u00e4chig, dumpf oder spitz etc. empfunden werden.<\/span><\/span><\/p>\n<p><span style=\"font-family: Times New Roman, serif;\"><span style=\"font-size: medium;\">Seiten unterschiedliche K\u00f6rperwahrnehmungen der Patienten wie zum Beispiel dauerhafte einseitige Muskelverspannungen, Schweregef\u00fchl, Tennis- oder Golfer-Ellenbogen etc. k\u00f6nnen ein Behandlungsgrund sein.<\/span><\/span><\/p>\n<p><span style=\"font-family: Times New Roman, serif;\"><span style=\"font-size: medium;\">Beschwerden innerer Organe k\u00f6nnen, wenn sie differentialdiagnostisch abgekl\u00e4rt sind, ein zus\u00e4tzlicher Behandlungsbereich der Behandlung sein.<\/span><\/span><\/p>\n<h2 class=\"western\">Kontraindikationen oder die Gegenanzeigen:<\/h2>\n<ul>\n<li>Bei einem Verdacht auf einen Knochenbruch mu\u00df dieser per R\u00f6ntgen ausgeschlossen werden.<\/li>\n<li>Tats\u00e4chlich entz\u00fcndete Gelenke d\u00fcrfen nicht direkt behandelt werden. Zeichen einer Entz\u00fcndung sind R\u00f6tung, Schwellung, Hitze, Schmerz und eingeschr\u00e4nkte Bewegungsf\u00e4higkeit.<\/li>\n<li>Alle muskul\u00e4ren und sensiblen akuten Abschw\u00e4chungen und Ausf\u00e4lle m\u00fcssen erst neurologisch abgekl\u00e4rt werden, vor allem wenn die Probleme symmetrisch auftreten.<\/li>\n<li>Die Menschen m\u00fcssen zum Therapeuten selbst\u00e4ndig gehen und sich aufrichten k\u00f6nnen, damit sind alle Bettl\u00e4gerigen ausgeschlossen. Rollstuhlfahrer k\u00f6nnen in der Brust- und Halswirbels\u00e4ule behandelt werden, wenn sie diese selbst bewegen k\u00f6nnen. Patienten arbeiten w\u00e4hrend der Behandlung mit.<\/li>\n<li>Noch nicht verheilte Wunden von Operationen, Unf\u00e4llen etc. an Gelenken und Wirbels\u00e4ule m\u00fcssen erst einmal heilen, bevor dort behandelt wird.<\/li>\n<li>Medikamente wie Marcumar (Blutgerinnungshemmer) ist eine Teilkontraindikation, d.h. es muss sehr vorsichtig behandelt werden. Langzeitmedikationen wie z. B. Corticosteroiden m\u00fcssen abgekl\u00e4rt werden. In jedem Einzelfall muss eine Behandlung abgekl\u00e4rt werden.<\/li>\n<li>Patienten mit Tumoren oder Metastasen in den Knochen d\u00fcrfen an den betroffenen Knochen nicht behandelt werden wegen der Gefahr des Knochenbruches.<\/li>\n<li>Akute Funktions\u00e4nderungen von inneren Organen m\u00fcssen erst von Fach\u00e4rzten abgekl\u00e4rt werden.<\/li>\n<li>Patienten mit akuten psychiatrischen\/psychischen Sch\u00fcben und Erkrankungen.<\/li>\n<li>Schwangerschaften mit Komplikationen m\u00fcssen bei der Behandlung im Bereich Lendenwirbels\u00e4ule und Kreuzbein vorher abgekl\u00e4rt werden.<\/li>\n<\/ul>\n","protected":false},"excerpt":{"rendered":"<p>Indikationen und Kontraindikationen Bei jeder Therapie ist es wichtig Therapiehinweise, Anwendungsm\u00f6glichkeiten und Gegenanzeigen zu erkennen und zu beachten. Dorn ist eine einfache Therapie in seiner Entstehung und es gibt den Bereich f\u00fcr die Laien, um die eigene und famili\u00e4re Gesundheitspflege zu gestalten. F\u00fcr die therapeutische Anwendung in einer Praxis ist ein Verst\u00e4ndnis und Ausbildung in [&hellip;]<\/p>\n","protected":false},"author":1,"featured_media":0,"parent":15,"menu_order":0,"comment_status":"closed","ping_status":"closed","template":"","meta":[],"_links":{"self":[{"href":"https:\/\/dorn-methode-therapie.de\/index.php?rest_route=\/wp\/v2\/pages\/21"}],"collection":[{"href":"https:\/\/dorn-methode-therapie.de\/index.php?rest_route=\/wp\/v2\/pages"}],"about":[{"href":"https:\/\/dorn-methode-therapie.de\/index.php?rest_route=\/wp\/v2\/types\/page"}],"author":[{"embeddable":true,"href":"https:\/\/dorn-methode-therapie.de\/index.php?rest_route=\/wp\/v2\/users\/1"}],"replies":[{"embeddable":true,"href":"https:\/\/dorn-methode-therapie.de\/index.php?rest_route=%2Fwp%2Fv2%2Fcomments&post=21"}],"version-history":[{"count":2,"href":"https:\/\/dorn-methode-therapie.de\/index.php?rest_route=\/wp\/v2\/pages\/21\/revisions"}],"predecessor-version":[{"id":100,"href":"https:\/\/dorn-methode-therapie.de\/index.php?rest_route=\/wp\/v2\/pages\/21\/revisions\/100"}],"up":[{"embeddable":true,"href":"https:\/\/dorn-methode-therapie.de\/index.php?rest_route=\/wp\/v2\/pages\/15"}],"wp:attachment":[{"href":"https:\/\/dorn-methode-therapie.de\/index.php?rest_route=%2Fwp%2Fv2%2Fmedia&parent=21"}],"curies":[{"name":"wp","href":"https:\/\/api.w.org\/{rel}","templated":true}]}}