{"id":19,"date":"2020-04-16T15:01:33","date_gmt":"2020-04-16T13:01:33","guid":{"rendered":"http:\/\/localhost:8080\/?page_id=19"},"modified":"2020-04-22T12:04:06","modified_gmt":"2020-04-22T10:04:06","slug":"dieter-dorn","status":"publish","type":"page","link":"https:\/\/dorn-methode-therapie.de\/?page_id=19","title":{"rendered":"Dieter Dorn"},"content":{"rendered":"<h1>Dieter Dorn<\/h1>\n<h2>Dieter Dorn ist der Namensgeber der Dorn-Methode.<\/h2>\n<h1><img decoding=\"async\" loading=\"lazy\" class=\"size-full wp-image-84 alignleft\" src=\"http:\/\/dornme.wpstage.covomedia.com\/wp-content\/uploads\/2020\/04\/dieterdorn.jpg\" alt=\"\" width=\"159\" height=\"220\" \/><\/h1>\n<p>Dieter Dorn (geboren am 13. August 1938, gestorben am 19.1.2011) ist der Namensgeber der Dorn-Methode. Er lebte im bayrischen Allg\u00e4u in der N\u00e4he von Memmingen und betrieb eine Landwirtschaft und ein S\u00e4gewerk. 1973 wurde er von dem Vogtbauern Josef M\u00fcller aus einem Nachbarort mit akuten Beschwerden im unteren R\u00fccken erfolgreich behandelt. Seine Neugier auf diese Griffe und Kniffe des alten Bauern war geweckt. So begann Dieter Dorn aus der Erinnerung dieser Eigenerfahrung heraus Menschen zu ertasten und zu behandeln. Dies war der Start der Entwicklung oder Wiederentdeckung dieser Jahrhunderte alten Therapie. In Europa gibt es eine Tradition der Weitergabe von Behandlungsformen in verschiedenen Bereichen wie Kr\u00e4uterwissen, Knochenrenker, Massagen, etc. Jahrhundertelang haben einzelne f\u00fcr die Gesundheitsf\u00f6rderung in der d\u00f6rflichen Gemeinschaft und Familie f\u00fcr Mensch und Tier gesorgt.<br \/>\nAnf\u00e4nglich behandelte Dieter Dorn die Familie und Bekannte. Es kamen mit der Zeit Kunden von seinem S\u00e4gewerk und Nachbarn. Schlie\u00dflich kamen fremde Menschen zu ihm, die von seinen Erfolgen geh\u00f6rt, Beschwerden hatten und sich Linderung versprachen. Seine Arbeit verstand er als Anleitung zur Selbsthilfe.<br \/>\n1985 h\u00f6rte der Orthop\u00e4de Dr. med. Thomas Hansen von dem \u201eLaienheiler Dorn\u201c, lie\u00df sich behandeln und f\u00f6rderte daraufhin Dieter Dorn mit B\u00fcchern zu Anatomie und Physiologie und organisierte Seminare f\u00fcr Interessierte.<br \/>\nDie Verbreitung der Therapie nach Dorn als eine sanfte Form der Behandlung von R\u00fccken- und Gelenkbeschwerden nahm seinen Lauf bis heute. Heute ist sie weltweit und in ihrem Ursprungsgebiet S\u00fcddeutschland nat\u00fcrlich am st\u00e4rksten verbreitet. Immer mehr \u00c4rzte, Heilpraktiker, Physiotherapeuten, Ergotherapeuten, Krankengymnasten, Hebammen und medizinische Masseure wenden Dorn in ihren Praxen an.<\/p>\n<p><strong>Einen gro\u00dfen Dank an Dieter Dorn f\u00fcr sein Lebenswerk von seinen Sch\u00fclern. Mit seiner unvergleichlichen humorvollen Art haben wir viele interessante und kurzweilige Stunden mit ihm erleben d\u00fcrfen.<\/strong><\/p>\n","protected":false},"excerpt":{"rendered":"<p>Dieter Dorn Dieter Dorn ist der Namensgeber der Dorn-Methode. Dieter Dorn (geboren am 13. August 1938, gestorben am 19.1.2011) ist der Namensgeber der Dorn-Methode. Er lebte im bayrischen Allg\u00e4u in der N\u00e4he von Memmingen und betrieb eine Landwirtschaft und ein S\u00e4gewerk. 1973 wurde er von dem Vogtbauern Josef M\u00fcller aus einem Nachbarort mit akuten Beschwerden [&hellip;]<\/p>\n","protected":false},"author":1,"featured_media":0,"parent":15,"menu_order":0,"comment_status":"closed","ping_status":"closed","template":"","meta":[],"_links":{"self":[{"href":"https:\/\/dorn-methode-therapie.de\/index.php?rest_route=\/wp\/v2\/pages\/19"}],"collection":[{"href":"https:\/\/dorn-methode-therapie.de\/index.php?rest_route=\/wp\/v2\/pages"}],"about":[{"href":"https:\/\/dorn-methode-therapie.de\/index.php?rest_route=\/wp\/v2\/types\/page"}],"author":[{"embeddable":true,"href":"https:\/\/dorn-methode-therapie.de\/index.php?rest_route=\/wp\/v2\/users\/1"}],"replies":[{"embeddable":true,"href":"https:\/\/dorn-methode-therapie.de\/index.php?rest_route=%2Fwp%2Fv2%2Fcomments&post=19"}],"version-history":[{"count":5,"href":"https:\/\/dorn-methode-therapie.de\/index.php?rest_route=\/wp\/v2\/pages\/19\/revisions"}],"predecessor-version":[{"id":87,"href":"https:\/\/dorn-methode-therapie.de\/index.php?rest_route=\/wp\/v2\/pages\/19\/revisions\/87"}],"up":[{"embeddable":true,"href":"https:\/\/dorn-methode-therapie.de\/index.php?rest_route=\/wp\/v2\/pages\/15"}],"wp:attachment":[{"href":"https:\/\/dorn-methode-therapie.de\/index.php?rest_route=%2Fwp%2Fv2%2Fmedia&parent=19"}],"curies":[{"name":"wp","href":"https:\/\/api.w.org\/{rel}","templated":true}]}}